et z(v) = 2*v**2 + 78*v - 223. Give z(3).
29
Let l(b) = b**2 - 63*b - 646. Calculate l(-9).
2
Let r(z) = 15*z + 243. Give r(-15).
18
Let v(t) = 4*t**2 + 54*t - 378. Calculate v(6).
90
Let b(x) = -268*x - 963. What is b(-4)?
109
Let s(h) = 2*h**2 - 15*h + 47. Give s(4).
19
Let i(j) = -3*j + 4. Determine i(-1).
7
Let c(p) = p**3 - 12*p**2 - 33*p + 93. Calculate c(14).
23
Let a(y) = -2*y**3 + y**2 + 2*y + 3. Give a(5).
-212
Let c(y) = 10*y**2 + 37*y - 1138. What is c(9)?
5
Let p(i) = 27*i + 82. Give p(-8).
-134
Let x(l) = -3*l**3 + 31*l**2 - 12*l + 22. Calculate x(10).
2
Let d(a) = 2855*a - 8666. What is d(3)?
-101
Let u(f) = f**2 - 71*f - 1516. Calculate u(-17).
-20
Let t(j) = -812*j + 13799. Give t(17).
-5
Let z(m) = m**2 - 436*m - 57456. What is z(-106)?
-4
Let n(o) = -8*o**2 - 120*o + 3. Calculate n(-14).
115
Let a(y) = -2*y**3 - 11*y**2 - 16*y - 27. Give a(-5).
28
Let v(z) = -4*z**3 + 16*z**2 - 36*z - 4. What is v(4)?
-148
Let w(d) = 6*d**2 + 82*d - 259. Calculate w(-16).
-35
Let f(n) = -5*n**2 - 57*n + 292. Determine f(4).
-16
Let n(c) = 9*c**2 - 31*c - 226. Give n(-7).
432
Let n(w) = 24*w + 1897. What is n(-75)?
97
Let q(t) = 33*t - 661. Determine q(19).
-34
Let g(t) = 2*t**3 + 49*t**2 + 10*t - 267. Determine g(-24).
69
Let p(r) = 56*r**2 - 2073*r + 24. Calculate p(37).
-13
Let c(u) = u**3 - 21*u**2 - 57*u + 258. Determine c(23).
5
Let f(c) = -12*c**2 - 355*c - 2010. What is f(-22)?
-8
Let c(x) = x**2 + 4175*x - 8352. Calculate c(2).
2
Let s(i) = -3*i**2 + 3*i - 2. Determine s(-15).
-722
Let b(z) = 132*z + 108. Determine b(-1).
-24
Let m(d) = -287*d + 45340. What is m(158)?
-6
Let t(o) = -o**2 + 42*o + 372. Calculate t(-8).
-28
Let u(r) = -8*r**2 + 113*r - 115. Determine u(13).
2
Let t(j) = -j**3 - 26*j**2 - 131*j + 184. Give t(-9).
-14
Let t(m) = m**3 - 89*m**2 + 169*m + 3. Give t(2).
-7
Let d(p) = -2*p**2 + 166*p - 169. Determine d(82).
-5
Let b(y) = 2*y**3 + 76*y**2 + 489*y + 51. Determine b(-8).
-21
Let y(w) = -w**2 + 492*w + 7563. Calculate y(-15).
-42
Let i(l) = -7*l**2 - 266*l + 73. Determine i(-38).
73
Let y(h) = -21*h - 442. Determine y(-21).
-1
Let a(c) = -c**3 + 4*c**2 + 221*c - 26. Calculate a(-13).
-26
Let y(q) = 38*q - 804. Calculate y(21).
-6
Let w(a) = -60*a + 1062. What is w(14)?
222
Let y(c) = -2*c**2 - 87*c - 913. Calculate y(-20).
27
Let z(b) = -b**3 + 6*b**2 + 39*b - 183. Calculate z(7).
41
Let t(a) = -a**3 + 25*a**2 + 29*a - 50. Give t(26).
28
Let l(t) = -868*t + 24300. Give l(28).
-4
Let k(t) = 5140*t + 20557. Determine k(-4).
-3
Let u(l) = -1206*l - 1221. Calculate u(-1).
-15
Let u(v) = 2*v**2 - 2*v - 174. Calculate u(-10).
46
Let z(c) = c**3 + 10*c + 52. Determine z(-5).
-123
Let s(x) = -3*x**3 + 39*x**2 - 30*x - 74. What is s(12)?
-2
Let j(i) = -516*i - 45384. Determine j(-88).
24
Let n(x) = 4*x**3 + 51*x**2 - 17*x - 122. What is n(-13)?
-70
Let r(w) = 270*w**3 - 4*w**2 - w - 1. Give r(-1).
-274
Let p(y) = -y**2 + 21*y + 44. What is p(-2)?
-2
Let o(l) = -l**3 - 91*l**2 - 179*l - 92. Give o(-89).
-3
Let w(x) = -5*x**3 - 1215*x**2 + x + 251. Calculate w(-243).
8
Let q(w) = w**3 - 7*w**2 + 9*w - 24. What is q(6)?
-6
Let o(t) = t**3 + 5*t**2 + 321*t + 2378. Give o(-7).
33
Let o(n) = -n**3 + 6*n**2 - 31*n + 190. Determine o(6).
4
Let w(o) = -138*o + 48. What is w(1)?
-90
Let n(l) = -l**3 - 73*l**2 - 463*l - 48. Give n(-66).
18
Let q(l) = l**2 + 30*l - 297. Calculate q(8).
7
Let q(y) = -13*y**2 + 10*y - 1. What is q(-1)?
-24
Let m(j) = 45*j - 210. Determine m(5).
15
Let d(p) = p**3 + 57*p**2 - 1170*p - 147. Give d(-73).
-1
Let t(u) = -u**3 - 8*u**2 - 2*u + 39. Give t(-7).
4
Let h(z) = z**3 - 5*z**2 - 124*z - 1. Determine h(-9).
-19
Let w(q) = -q**2 - 8*q + 123. Give w(9).
-30
Let d(p) = 12*p - 353. What is d(38)?
103
Let t(v) = -2*v**2 + 76*v - 659. Calculate t(13).
-9
Let p(b) = b**3 - 19*b**2 + 66*b + 221. Calculate p(12).
5
Let y(g) = -g**3 + 27*g**2 - 27*g - 81. What is y(25)?
494
Let w(d) = -d**3 - 8*d**2 - 3*d + 23. Determine w(-7).
-5
Let t(q) = 64*q - 1531. Calculate t(26).
133
Let n(p) = 2*p**2 - 86*p - 503. Determine n(50).
197
Let x(r) = r**3 + 39*r**2 + 353*r + 13. Give x(-14).
-29
Let b(q) = -q**3 + q**2 + 24*q + 10. Give b(-4).
-6
Let t(q) = 3454*q + 17281. Determine t(-5).
11
Let c(y) = -12*y**2 + 42*y + 124. What is c(-2)?
-8
Let u(j) = 3*j**3 - 740*j**2 + 505*j - 3192. Give u(246).
6
Let y(m) = -63*m**2 - m. Give y(-1).
-62
Let i(x) = 133*x + 732. Determine i(-9).
-465
Let g(c) = c**2 + 11*c + 103. What is g(-19)?
255
Let k(i) = i**2 - 23*i - 7699. Give k(100).
1
Let u(m) = -m**3 - m**2 - 109*m - 831. What is u(-6)?
3
Let m(w) = -34*w**2 + 322*w - 141. Calculate m(9).
3
Let j(y) = -y**3 + 86*y**2 + 266*y + 94. What is j(89)?
5
Let t(o) = 36*o + 1860. Calculate t(-51).
24
Let z(g) = -g**2 + 10*g. What is z(8)?
16
Let n(f) = -37*f - 142. Determine n(-3).
-31
Let l(g) = 12*g**2 - 72*g + 160. What is l(3)?
52
Let r(c) = -1291*c - 207848. What is r(-161)?
3
Let v(o) = -o**3 + 24*o**2 - 62*o - 60. Give v(21).
-39
Let k(g) = 5*g**3 - 63*g**2 - 96*g + 30. Determine k(14).
58
Let o(i) = 65*i - 534. Determine o(-14).
-1444
Let g(o) = -52*o - 512. Calculate g(-10).
8
Let b(x) = x**2 + 64*x + 556. Calculate b(-54).
16
Let v(a) = -30*a + 1476. Determine v(49).
6
Let k(z) = 632*z + 18860. Calculate k(-30).
-100
Let o(y) = -6*y - 40. Give o(-7).
2
Let f(t) = -t**3 + 28*t**2 - 19*t - 149. Calculate f(27).
67
Let h(q) = -q**3 + 60*q**2 - 115*q - 51. Determine h(58).
7
Let h(s) = -241*s - 4669. Determine h(-20).
151
Let d(i) = -i**2 - 95*i - 696. Calculate d(-8).
0
Let i(s) = s**3 + 27*s**2 - 63*s - 148. Give i(-29).
-3
Let k(c) = -4*c**2 - 30*c - 31. What is k(-8)?
-47
Let t(s) = 422*s + 14383. Calculate t(-34).
35
Let a(k) = 2136*k - 17139. What is a(8)?
-51
Let d(s) = s**3 + 12*s**2 - 2*s - 6. Calculate d(-11).
137
Let x(z) = -5*z**3 + 42*z**2 - 48*z + 255. Give x(8).
-1
Let j(i) = 118*i - 1744. Determine j(15).
26
Let t(d) = -543*d + 5412. Give t(10).
-18
Let p(s) = -2241*s + 4472. Give p(2).
-10
Let o(u) = 6*u**2 + 11*u - 62. Calculate o(4).
78
Let r(h) = -286*h + 5976. Give r(21).
-30
Let v(f) = f**2 + 6*f - 387. Calculate v(-19).
-140
Let v(z) = -9*z**3 + 2*z**2 - 6*z - 5. Determine v(2).
-81
Let y(f) = -2*f**2 - 89*f - 985. Calculate y(-22).
5
Let b(x) = -12*x - 98. Give b(-7).
-14
Let l(r) = -145*r - 722. Determine l(-5).
3
Let w(i) = 4*i**2 - 635*i + 1094. Give w(157).
-5
Let q(y) = 3*y**2 - 58*y + 91. What is q(19)?
72
Let n(a) = 282*a - 2648. What is n(9)?
-110
Let j(s) = -2*s**2 + 354*s - 2066. Give j(6).
-14
Let h(a) = -a**3 - 13*a**2 - 32*a + 36. What is h(-9)?
0
Let a(u) = 2*u**2 - 3450*u - 24225. Give a(-7).
23
Let w(f) = 5*f**2 + 30*f - 18. Determine w(-8).
62
Let w(h) = h**3 + 25*h**2 + 74*h - 1. Calculate w(-22).
-177
Let s(p) = -38*p + 513. Determine s(15).
-57
Let o(n) = n**3 + 20*n**2 - 926*n + 43. What is o(22)?
-1
Let i(y) = -27*y**2 + 72*y + 2. Calculate i(2).
38
Let p(w) = -w**3 - 33*w**2 + 329*w - 5. Calculate p(8).
3
Let s(l) = -6*l**2 + 1138*l - 4094. Determine s(186).
-2
Let c(w) = 2*w**2 + 54*w + 158. Determine c(-23).
-26
Let r(i) = -2*i**2 - 66*i - 168. Give r(-4).
64
Let s(t) = 4*t**3 + 64*t**2 - 4*t - 60. Calculate s(-16).
4
Let b(i) = 99*i + 683. Determine b(-7).
-10
Let v(f) = 2*f - 89. Give v(51).
13
Let l(v) = v**3 + 7*v**2 + 3*v + 21. What is l(-10)?
-309
Let k(x) = 15*x**2 - 78*x + 21. What is k(5)?
6
Let j(t) = -732*t - 3654. Determine j(-5).
6
Let d(r) = r**3 + 4*r**2 + 26*r + 344. Calculate d(-7).
15
Let w(m) = 2*m**3 + 108*m**2 - 7*m - 58. What is w(-54)?
320
Let x(r) = -638*r**2 + 27*r - 28. What is x(1)?
-639
Let w(u) = -96*u - 7195. Calculate w(-74).
-91
Let z(n) = -2*n**3 - 18*n**2 - 8*n - 19. Give z(-5).
-179
Let p(j) = 3*j**2 - 86*j - 605. What is p(35)?
60
Let z(n) = -23*n + 577. What is z(23)?
48
Let w(x) = -344*x + 3448. Give w(10).
8
Let m(h) = -617*h - 11122. Give m(-18).
-16
Let r(a) = -3*a**2 - 3*a - 1. Calculate r(3).
-37
Let q(r) = -r**2 - 76*r - 289. Determine q(-72).
-1
Let g(t) = -3*t**2 + 102*t + 1470. Calculate g(-11).
-15
Let y(m) = 142*m - 1098. Calculate y(6).
-246
Let i(h) = 79*h + 2498. What is i(-37)?
-425
Let w(b) = b**3 + 6*b**2 - 27. Give w(-4).
5
Let y(a) = -a**3 - 8*a**2 + 27*a + 139. Calculate y(-4).
-33
Let s(z) = 79*z + 414. Calculate s(